{"id":27382,"date":"2024-10-03T05:16:02","date_gmt":"2024-10-03T05:16:02","guid":{"rendered":"https:\/\/shrimptouch.com\/?post_type=product&#038;p=27382"},"modified":"2026-01-02T16:15:16","modified_gmt":"2026-01-02T16:15:16","slug":"st-01-vi-sinh-khoi-tao-ho-nuoi-tep-canh-goi-10gr","status":"publish","type":"product","link":"https:\/\/shrimptouch.com\/index.php\/san-pham\/st-01-vi-sinh-khoi-tao-ho-nuoi-tep-canh-goi-10gr\/","title":{"rendered":"ST-01 Vi sinh kh\u1edfi t\u1ea1o h\u1ed3 nu\u00f4i t\u00e9p c\u1ea3nh ( g\u00f3i 10gr)"},"content":{"rendered":"<ul>\n<li>SHRIMP TOUCH ST-01 L\u00e0 vi sinh kh\u1edfi t\u1ea1o nhanh m\u00f4i tr\u01b0\u1eddng nu\u00f4i c\u00e1, t\u00e9p. V\u1edbi c\u00f4ng th\u1ee9c ti\u00ean ti\u1ebfn, SHRIMPTOUCH ST-01 gi\u00fap c\u1ea3i thi\u1ec7n ch\u1ea5t l\u01b0\u1ee3ng n\u01b0\u1edbc, gi\u1ea3m thi\u1ec3u s\u1ef1 t\u00edch t\u1ee5 c\u1ee7a c\u00e1c ch\u1ea5t \u0111\u1ed9c h\u1ea1i v\u00e0 t\u1ea1o \u0111i\u1ec1u ki\u1ec7n l\u00fd t\u01b0\u1edfng cho s\u1ef1 ph\u00e1t tri\u1ec3n c\u1ee7a c\u00e1 v\u00e0 t\u00e9p. S\u1ea3n ph\u1ea9m n\u00e0y kh\u00f4ng ch\u1ec9 t\u0103ng c\u01b0\u1eddng s\u1ee9c \u0111\u1ec1 kh\u00e1ng cho sinh v\u1eadt nu\u00f4i m\u00e0 c\u00f2n th\u00fac \u0111\u1ea9y qu\u00e1 tr\u00ecnh sinh tr\u01b0\u1edfng t\u1ef1 nhi\u00ean, gi\u00fap h\u1ec7 sinh th\u00e1i trong b\u1ec3 nu\u00f4i tr\u1edf n\u00ean h\u00e0i h\u00f2a h\u01a1n. Vi\u1ec7c s\u1eed d\u1ee5ng SHRIMPTOUCH ST-01 l\u00e0 m\u1ed9t gi\u1ea3i ph\u00e1p th\u00e2n thi\u1ec7n v\u1edbi m\u00f4i tr\u01b0\u1eddng, \u0111\u1ea3m b\u1ea3o s\u1ef1 an to\u00e0n v\u00e0 b\u1ec1n v\u1eefng cho ng\u01b0\u1eddi nu\u00f4i tr\u1ed3ng th\u1ee7y s\u1ea3n. v\u1edbi c\u00f4ng th\u1ee9c \u01b0u vi\u1ec7t gi\u00fap t\u0103ng s\u1ef1 h\u00ecnh th\u00e0nh c\u1ee7a b\u00e0o t\u1eed n\u1ea5m s\u1ee3i, l\u1ee3i khu\u1ea9n, phi\u00eau sinh l\u00e0m ngu\u1ed3n th\u1ee9c \u0103n dinh d\u01b0\u1ee1ng cho t\u00e9p c\u1ea3nh \u0111\u1ed3ng th\u1eddi r\u00fat ng\u1eafn qu\u00e1 tr\u00ecnh kh\u1edfi t\u1ea1o m\u00f4i sinh h\u1ed3 nu\u00f4i.<\/li>\n<li>Th\u00e0nh ph\u1ea7n: Ch\u1ee7ng vi sinh x\u1eed l\u00fd n\u01b0\u1edbc, \u0111\u1ea1m th\u00f4, ch\u1ea5t x\u01a1 th\u00f4, vitamin, b\u1ed9t y\u1ebfn m\u1ea1ch.<\/li>\n<li>C\u00e1ch s\u1eed d\u1ee5ng : set h\u1ed3 d\u00f9ng 3gr r\u1eafc \u0111\u1ec1u l\u00ean b\u1ec1 m\u1eb7t n\u1ec1n. C\u00f3 th\u1ebb d\u00f9ng b\u1ed5 sung sau khi thay n\u01b0\u1edbc v\u1edbi li\u1ec1u l\u01b0\u1ee3ng 1gr, k\u1ebft h\u1ee3p v\u1edbi Vital ST-02, ST-04, ST-05 \u0111\u1ec3 \u0111\u1ea1t hi\u1ec7u qu\u1ea3 t\u1ed1t nh\u1ea5t.<\/li>\n<li>H\u1ea1n s\u1eed d\u1ee5ng : 1 n\u0103m k\u1ec3 t\u1eeb ng\u00e0y m\u1edf g\u00f3i.<\/li>\n<li>L\u01b0u \u00fd: tr\u00e1nh ti\u1ebfp x\u00fac tr\u1ef1c ti\u1ebfp v\u1edbi \u00e1nh n\u1eafng, m\u00f4i tr\u01b0\u1eddng b\u1ea3o qu\u1ea3n lu\u00f4n kh\u00f4 tho\u00e1ng.<\/li>\n<\/ul>\n<div id=\"eJOY__extension_root\" class=\"eJOY__extension_root_class\" style=\"all: unset;\"><\/div>\n<p>Views: 39<\/p>","protected":false},"excerpt":{"rendered":"<p>Vi sinh g\u00f3i nh\u1ecf ph\u00f9 h\u1ee3p cho m\u1ee5c \u0111\u00edch d\u00f9ng th\u1eed ho\u1eb7c ti\u1ebft ki\u1ec7m chi ph\u00ed.<\/p>\n<div id=\"eJOY__extension_root\" class=\"eJOY__extension_root_class\" style=\"all: unset;\"><\/div>\n","protected":false},"featured_media":27657,"comment_status":"open","ping_status":"closed","template":"","meta":[],"product_cat":[77],"product_tag":[129,128,127,172,173],"class_list":{"0":"post-27382","1":"product","2":"type-product","3":"status-publish","4":"has-post-thumbnail","6":"product_cat-san-pham-cham-soc-ho-nuoi","7":"product_tag-nuoitepcanh","8":"product_tag-shrimptouch","9":"product_tag-visinh","10":"product_tag-ky-thuat-nuoi-tep","11":"product_tag-vi-sinh","13":"first","14":"instock","15":"purchasable","16":"product-type-simple"},"jetpack_sharing_enabled":true,"_links":{"self":[{"href":"https:\/\/shrimptouch.com\/index.php\/wp-json\/wp\/v2\/product\/27382","targetHints":{"allow":["GET"]}}],"collection":[{"href":"https:\/\/shrimptouch.com\/index.php\/wp-json\/wp\/v2\/product"}],"about":[{"href":"https:\/\/shrimptouch.com\/index.php\/wp-json\/wp\/v2\/types\/product"}],"replies":[{"embeddable":true,"href":"https:\/\/shrimptouch.com\/index.php\/wp-json\/wp\/v2\/comments?post=27382"}],"version-history":[{"count":1,"href":"https:\/\/shrimptouch.com\/index.php\/wp-json\/wp\/v2\/product\/27382\/revisions"}],"predecessor-version":[{"id":27385,"href":"https:\/\/shrimptouch.com\/index.php\/wp-json\/wp\/v2\/product\/27382\/revisions\/27385"}],"wp:featuredmedia":[{"embeddable":true,"href":"https:\/\/shrimptouch.com\/index.php\/wp-json\/wp\/v2\/media\/27657"}],"wp:attachment":[{"href":"https:\/\/shrimptouch.com\/index.php\/wp-json\/wp\/v2\/media?parent=27382"}],"wp:term":[{"taxonomy":"product_cat","embeddable":true,"href":"https:\/\/shrimptouch.com\/index.php\/wp-json\/wp\/v2\/product_cat?post=27382"},{"taxonomy":"product_tag","embeddable":true,"href":"https:\/\/shrimptouch.com\/index.php\/wp-json\/wp\/v2\/product_tag?post=27382"}],"curies":[{"name":"wp","href":"https:\/\/api.w.org\/{rel}","templated":true}]}}